{"id":244,"date":"2023-02-01T07:45:56","date_gmt":"2023-02-01T06:45:56","guid":{"rendered":"https:\/\/sport.cloud4.sbg.meosis.fr\/eurostand-lorraine\/?page_id=244"},"modified":"2023-04-04T13:39:56","modified_gmt":"2023-04-04T11:39:56","slug":"demande-dautorisation-de-renouvellement-de-detention","status":"publish","type":"page","link":"https:\/\/sport.cloud4.sbg.meosis.fr\/refonte-eurostand-lorraine\/club\/demande-dautorisation-de-renouvellement-de-detention.html","title":{"rendered":"07 &#8211; Demande d&rsquo;autorisation ou de renouvellement de d\u00e9tention"},"content":{"rendered":"\t\t<div data-elementor-type=\"wp-page\" data-elementor-id=\"244\" class=\"elementor elementor-244\" data-elementor-post-type=\"page\">\n\t\t\t\t\t\t<section class=\"elementor-section elementor-top-section elementor-element elementor-element-574e9fcf elementor-section-boxed elementor-section-height-default elementor-section-height-default\" data-id=\"574e9fcf\" data-element_type=\"section\" data-e-type=\"section\">\n\t\t\t\t\t\t<div class=\"elementor-container elementor-column-gap-default\">\n\t\t\t\t\t<div class=\"elementor-column elementor-col-100 elementor-top-column elementor-element elementor-element-77f06c1\" data-id=\"77f06c1\" data-element_type=\"column\" data-e-type=\"column\">\n\t\t\t<div class=\"elementor-widget-wrap elementor-element-populated\">\n\t\t\t\t\t\t<div class=\"elementor-element elementor-element-1d927444 elementor-widget elementor-widget-text-editor\" data-id=\"1d927444\" data-element_type=\"widget\" data-e-type=\"widget\" data-widget_type=\"text-editor.default\">\n\t\t\t\t<div class=\"elementor-widget-container\">\n\t\t\t\t\t\t\t\t\t<h1>Proc\u00e9dure pour demande d&rsquo;autorisation de d\u00e9tention (Armes de cat\u00e9gorie \u00ab\u00a0B\u00a0\u00bb\u00a0)<\/h1><p>D\u00e9finition de la cat\u00e9gorie \u00ab\u00a0B\u00a0\u00bb<\/p><p><a title=\"\" href=\"https:\/\/www.eurostand-lorraine.fr\/wp-content\/uploads\/sites\/7\/2019\/05\/cerfa_12644-04.pdf\" target=\"_blank\" rel=\"noopener noreferrer\">Cerfa pour armes \u00ab\u00a0B\u00a0\u00bb(PDF)<\/a><br \/><a href=\"https:\/\/www.eurostand-lorraine.fr\/wp-content\/uploads\/sites\/7\/2019\/05\/cerfa_12650-04.pdf\" target=\"_blank\" rel=\"noopener noreferrer\">Cerfa pour armes \u00ab\u00a0C\u00a0\u00bb\u00a0<\/a>\u00a0\u00a0\u00a0\u00a0\u00a0\u00a0\u00a0\u00a0\u00a0\u00a0\u00a0\u00a0\u00a0\u00a0\u00a0\u00a0\u00a0\u00a0\u00a0\u00a0\u00a0\u00a0\u00a0\u00a0\u00a0\u00a0\u00a0\u00a0\u00a0\u00a0\u00a0\u00a0\u00a0\u00a0\u00a0\u00a0\u00a0\u00a0\u00a0<a href=\"https:\/\/www.eurostand-lorraine.fr\/wp-content\/uploads\/sites\/7\/2019\/05\/D\u00e9cret-du-30-juillet-2013-1.pdf\" target=\"_blank\" rel=\"noopener noreferrer\">D\u00e9cret 30\/07\/2013\u00a0\u00a0 Modificationdu 28\/04\/2020<\/a><\/p><p>Nombre d&rsquo;armes possibles :<\/p><p>Tireurs nouveaux (premi\u00e8re autorisation datant de moins de cinq ans : 6 armes<\/p><p>Tireurs ayant une autorisation de cinq ans ou plus : 12 armes (nous attendons des pr\u00e9cisions pour les cat\u00e9gories B5 et armes \u00e0 1 coup (pr\u00e9c\u00e9demment hors quota).<\/p><p>1- Etre en possession d&rsquo;un licence FFTir valide<\/p><p>2- Fournir une copie de la <strong>licence en cours, <\/strong>une copie du<strong> certificat m\u00e9dical de validation de la licence,<\/strong> de la <strong>carte d&rsquo;identit\u00e9<\/strong>\u00a0(recto-verso et en cours de validit\u00e9), du formulaire\u00a0<strong>CERFA n\u00e9cessaire<\/strong>\u00a0rempli, de la copie d&rsquo;un\u00a0<strong>document attestant votre domicile<\/strong>, d&rsquo;une copie de la\u00a0<strong>facture de votre coffre<\/strong>\u00a0(si pas de facture faire un document certifiant sur l&rsquo;honneur la possession de ce coffre et joindre une ou des photos de votre coffre (je vous conseillerai une photo coffre ferm\u00e9, une coffre ouvert avec vous \u00e0 c\u00f4t\u00e9) et\u00a0<strong>un acte de naissance avec mentions marginales<br \/><\/strong>A tout cela joindre la feuille verte (avis pr\u00e9alable), une feuille verte est n\u00e9cessaire par op\u00e9ration, si vous demandez plusieurs armes une feuille suffit.<\/p><p><span style=\"color: #ff0000;font-size: 14pt\">Pour les renouvellements ne pas oublier de JOINDRE les ORIGINAUX des autorisations \u00e0 renouveler.<\/span><\/p><p>3- le dossier est \u00e0 transmettre par courrier \u00e0 la Pr\u00e9fecture ou Sous-Pr\u00e9fecture (s&rsquo;il y a un service des armes) dont vous d\u00e9pendez, le courrier peut \u00eatre suivi ou recommand\u00e9. Un r\u00e9c\u00e9piss\u00e9 vous sera adress\u00e9 par courrier\u00a0 par le service correspondant.<br \/><strong>Pour la Pr\u00e9fecture de Metz :<\/strong><\/p><p>\u00a0<\/p><p>Pr\u00e9fecture de la Moselle<\/p><p>Direction des S\u00e9curit\u00e9s<\/p><p>Service de la S\u00e9curit\u00e9 Int\u00e9rieure<\/p><p>P\u00f4le Polices Administratives<\/p><p>B.P. 71014<\/p><p>57034 METZ CEDEX<\/p><p><u><a href=\"http:\/\/www.moselle.gouv.fr\/\">www.moselle.gouv.fr<\/a><\/u><\/p><p>\u00a0<\/p><p><strong>Pour la Pr\u00e9fecture de Meurthe et Moselle :<\/strong><\/p><p>S&rsquo;adresser \u00e0 la Pr\u00e9fecture de Meurthe et Moselle<\/p><p style=\"font-weight: 400\">Pour un\u00a0<strong>renouvellement<\/strong>, la proc\u00e9dure est la m\u00eame, il faut juste ajouter\u00a0<strong>l&rsquo;original de la d\u00e9tention pr\u00e9c\u00e9dente\u00a0<\/strong>(conservez un copie). Il faut entamer la proc\u00e9dure dans le quatri\u00e8me mois pr\u00e9c\u00e9dent l&rsquo;\u00e9ch\u00e9ance de votre autorisation.<\/p>\t\t\t\t\t\t\t\t<\/div>\n\t\t\t\t<\/div>\n\t\t\t\t\t<\/div>\n\t\t<\/div>\n\t\t\t\t\t<\/div>\n\t\t<\/section>\n\t\t\t\t<\/div>\n\t\t","protected":false},"excerpt":{"rendered":"<p>Proc\u00e9dure pour demande d&rsquo;autorisation de d\u00e9tention (Armes de cat\u00e9gorie \u00ab\u00a0B\u00a0\u00bb\u00a0) D\u00e9finition de la cat\u00e9gorie \u00ab\u00a0B\u00a0\u00bb Cerfa pour armes \u00ab\u00a0B\u00a0\u00bb(PDF)Cerfa pour armes \u00ab\u00a0C\u00a0\u00bb\u00a0\u00a0\u00a0\u00a0\u00a0\u00a0\u00a0\u00a0\u00a0\u00a0\u00a0\u00a0\u00a0\u00a0\u00a0\u00a0\u00a0\u00a0\u00a0\u00a0\u00a0\u00a0\u00a0\u00a0\u00a0\u00a0\u00a0\u00a0\u00a0\u00a0\u00a0\u00a0\u00a0\u00a0\u00a0\u00a0\u00a0\u00a0\u00a0\u00a0D\u00e9cret 30\/07\/2013\u00a0\u00a0 Modificationdu 28\/04\/2020 Nombre d&rsquo;armes possibles : Tireurs nouveaux (premi\u00e8re autorisation datant de moins de cinq ans : 6 armes Tireurs ayant une autorisation de cinq ans ou plus : 12 armes (nous [&hellip;]<\/p>\n","protected":false},"author":6,"featured_media":0,"parent":158,"menu_order":0,"comment_status":"closed","ping_status":"closed","template":"","meta":{"_acf_changed":false,"_yoast_wpseo_title":"","_yoast_wpseo_metadesc":"","footnotes":""},"class_list":["post-244","page","type-page","status-publish","hentry"],"acf":[],"yoast_head":"<!-- This site is optimized with the Yoast SEO plugin v27.3 - https:\/\/yoast.com\/product\/yoast-seo-wordpress\/ -->\n<title>07 - Demande d&#039;autorisation ou de renouvellement de d\u00e9tention \u203a Club de Tir Eurostand<\/title>\n<meta name=\"description\" content=\"Proc\u00e9dure pour demande d&#039;autorisation de d\u00e9tention (Armes de cat\u00e9gorie &quot;B&quot;\u00a0)D\u00e9finition de la cat\u00e9gorie &quot;B&quot;Cerfa pour armes &quot;B&quot;(PDF)Cerfa pour armes\" \/>\n<meta name=\"robots\" content=\"index, follow, max-snippet:-1, max-image-preview:large, max-video-preview:-1\" \/>\n<link rel=\"canonical\" href=\"https:\/\/sport.cloud4.sbg.meosis.fr\/refonte-eurostand-lorraine\/club\/demande-dautorisation-de-renouvellement-de-detention.html\" \/>\n<meta property=\"og:locale\" content=\"fr_FR\" \/>\n<meta property=\"og:type\" content=\"article\" \/>\n<meta property=\"og:title\" content=\"07 - Demande d&#039;autorisation ou de renouvellement de d\u00e9tention \u203a Club de Tir Eurostand\" \/>\n<meta property=\"og:description\" content=\"Proc\u00e9dure pour demande d&#039;autorisation de d\u00e9tention (Armes de cat\u00e9gorie &quot;B&quot;\u00a0)D\u00e9finition de la cat\u00e9gorie &quot;B&quot;Cerfa pour armes &quot;B&quot;(PDF)Cerfa pour armes\" \/>\n<meta property=\"og:url\" content=\"https:\/\/sport.cloud4.sbg.meosis.fr\/refonte-eurostand-lorraine\/club\/demande-dautorisation-de-renouvellement-de-detention.html\" \/>\n<meta property=\"og:site_name\" content=\"Club de tir Eurostand\" \/>\n<meta property=\"article:modified_time\" content=\"2023-04-04T11:39:56+00:00\" \/>\n<meta name=\"twitter:card\" content=\"summary_large_image\" \/>\n<meta name=\"twitter:label1\" content=\"Dur\u00e9e de lecture estim\u00e9e\" \/>\n\t<meta name=\"twitter:data1\" content=\"2 minutes\" \/>\n<script type=\"application\/ld+json\" class=\"yoast-schema-graph\">{\"@context\":\"https:\\\/\\\/schema.org\",\"@graph\":[{\"@type\":\"WebPage\",\"@id\":\"https:\\\/\\\/sport.cloud4.sbg.meosis.fr\\\/refonte-eurostand-lorraine\\\/club\\\/demande-dautorisation-de-renouvellement-de-detention.html\",\"url\":\"https:\\\/\\\/sport.cloud4.sbg.meosis.fr\\\/refonte-eurostand-lorraine\\\/club\\\/demande-dautorisation-de-renouvellement-de-detention.html\",\"name\":\"07 - Demande d'autorisation ou de renouvellement de d\u00e9tention \u203a Club de Tir Eurostand\",\"isPartOf\":{\"@id\":\"https:\\\/\\\/sport.cloud4.sbg.meosis.fr\\\/refonte-eurostand-lorraine\\\/#website\"},\"datePublished\":\"2023-02-01T06:45:56+00:00\",\"dateModified\":\"2023-04-04T11:39:56+00:00\",\"description\":\"Proc\u00e9dure pour demande d'autorisation de d\u00e9tention (Armes de cat\u00e9gorie \\\"B\\\"\u00a0)D\u00e9finition de la cat\u00e9gorie \\\"B\\\"Cerfa pour armes \\\"B\\\"(PDF)Cerfa pour armes\",\"breadcrumb\":{\"@id\":\"https:\\\/\\\/sport.cloud4.sbg.meosis.fr\\\/refonte-eurostand-lorraine\\\/club\\\/demande-dautorisation-de-renouvellement-de-detention.html#breadcrumb\"},\"inLanguage\":\"fr-FR\",\"potentialAction\":[{\"@type\":\"ReadAction\",\"target\":[\"https:\\\/\\\/sport.cloud4.sbg.meosis.fr\\\/refonte-eurostand-lorraine\\\/club\\\/demande-dautorisation-de-renouvellement-de-detention.html\"]}]},{\"@type\":\"BreadcrumbList\",\"@id\":\"https:\\\/\\\/sport.cloud4.sbg.meosis.fr\\\/refonte-eurostand-lorraine\\\/club\\\/demande-dautorisation-de-renouvellement-de-detention.html#breadcrumb\",\"itemListElement\":[{\"@type\":\"ListItem\",\"position\":1,\"name\":\"Club de Tir Eurostand\",\"item\":\"https:\\\/\\\/sport.cloud4.sbg.meosis.fr\\\/refonte-eurostand-lorraine\\\/\"},{\"@type\":\"ListItem\",\"position\":2,\"name\":\"Club\",\"item\":\"https:\\\/\\\/sport.cloud4.sbg.meosis.fr\\\/refonte-eurostand-lorraine\\\/club.html\"},{\"@type\":\"ListItem\",\"position\":3,\"name\":\"07 &#8211; Demande d&rsquo;autorisation ou de renouvellement de d\u00e9tention\"}]},{\"@type\":\"WebSite\",\"@id\":\"https:\\\/\\\/sport.cloud4.sbg.meosis.fr\\\/refonte-eurostand-lorraine\\\/#website\",\"url\":\"https:\\\/\\\/sport.cloud4.sbg.meosis.fr\\\/refonte-eurostand-lorraine\\\/\",\"name\":\"Club de tir Eurostand\",\"description\":\"Club de tir Eurostand : club de tir en Moselle\",\"publisher\":{\"@id\":\"https:\\\/\\\/sport.cloud4.sbg.meosis.fr\\\/refonte-eurostand-lorraine\\\/#organization\"},\"potentialAction\":[{\"@type\":\"SearchAction\",\"target\":{\"@type\":\"EntryPoint\",\"urlTemplate\":\"https:\\\/\\\/sport.cloud4.sbg.meosis.fr\\\/refonte-eurostand-lorraine\\\/?s={search_term_string}\"},\"query-input\":{\"@type\":\"PropertyValueSpecification\",\"valueRequired\":true,\"valueName\":\"search_term_string\"}}],\"inLanguage\":\"fr-FR\"},{\"@type\":\"Organization\",\"@id\":\"https:\\\/\\\/sport.cloud4.sbg.meosis.fr\\\/refonte-eurostand-lorraine\\\/#organization\",\"name\":\"Club de tir Eurostand\",\"url\":\"https:\\\/\\\/sport.cloud4.sbg.meosis.fr\\\/refonte-eurostand-lorraine\\\/\",\"logo\":{\"@type\":\"ImageObject\",\"inLanguage\":\"fr-FR\",\"@id\":\"https:\\\/\\\/sport.cloud4.sbg.meosis.fr\\\/refonte-eurostand-lorraine\\\/#\\\/schema\\\/logo\\\/image\\\/\",\"url\":\"https:\\\/\\\/sport.cloud4.sbg.meosis.fr\\\/refonte-eurostand-lorraine\\\/wp-content\\\/uploads\\\/sites\\\/7\\\/2022\\\/12\\\/Logo.png\",\"contentUrl\":\"https:\\\/\\\/sport.cloud4.sbg.meosis.fr\\\/refonte-eurostand-lorraine\\\/wp-content\\\/uploads\\\/sites\\\/7\\\/2022\\\/12\\\/Logo.png\",\"width\":347,\"height\":58,\"caption\":\"Club de tir Eurostand\"},\"image\":{\"@id\":\"https:\\\/\\\/sport.cloud4.sbg.meosis.fr\\\/refonte-eurostand-lorraine\\\/#\\\/schema\\\/logo\\\/image\\\/\"}}]}<\/script>\n<!-- \/ Yoast SEO plugin. -->","yoast_head_json":{"title":"07 - Demande d'autorisation ou de renouvellement de d\u00e9tention \u203a Club de Tir Eurostand","description":"Proc\u00e9dure pour demande d'autorisation de d\u00e9tention (Armes de cat\u00e9gorie \"B\"\u00a0)D\u00e9finition de la cat\u00e9gorie \"B\"Cerfa pour armes \"B\"(PDF)Cerfa pour armes","robots":{"index":"index","follow":"follow","max-snippet":"max-snippet:-1","max-image-preview":"max-image-preview:large","max-video-preview":"max-video-preview:-1"},"canonical":"https:\/\/sport.cloud4.sbg.meosis.fr\/refonte-eurostand-lorraine\/club\/demande-dautorisation-de-renouvellement-de-detention.html","og_locale":"fr_FR","og_type":"article","og_title":"07 - Demande d'autorisation ou de renouvellement de d\u00e9tention \u203a Club de Tir Eurostand","og_description":"Proc\u00e9dure pour demande d'autorisation de d\u00e9tention (Armes de cat\u00e9gorie \"B\"\u00a0)D\u00e9finition de la cat\u00e9gorie \"B\"Cerfa pour armes \"B\"(PDF)Cerfa pour armes","og_url":"https:\/\/sport.cloud4.sbg.meosis.fr\/refonte-eurostand-lorraine\/club\/demande-dautorisation-de-renouvellement-de-detention.html","og_site_name":"Club de tir Eurostand","article_modified_time":"2023-04-04T11:39:56+00:00","twitter_card":"summary_large_image","twitter_misc":{"Dur\u00e9e de lecture estim\u00e9e":"2 minutes"},"schema":{"@context":"https:\/\/schema.org","@graph":[{"@type":"WebPage","@id":"https:\/\/sport.cloud4.sbg.meosis.fr\/refonte-eurostand-lorraine\/club\/demande-dautorisation-de-renouvellement-de-detention.html","url":"https:\/\/sport.cloud4.sbg.meosis.fr\/refonte-eurostand-lorraine\/club\/demande-dautorisation-de-renouvellement-de-detention.html","name":"07 - Demande d'autorisation ou de renouvellement de d\u00e9tention \u203a Club de Tir Eurostand","isPartOf":{"@id":"https:\/\/sport.cloud4.sbg.meosis.fr\/refonte-eurostand-lorraine\/#website"},"datePublished":"2023-02-01T06:45:56+00:00","dateModified":"2023-04-04T11:39:56+00:00","description":"Proc\u00e9dure pour demande d'autorisation de d\u00e9tention (Armes de cat\u00e9gorie \"B\"\u00a0)D\u00e9finition de la cat\u00e9gorie \"B\"Cerfa pour armes \"B\"(PDF)Cerfa pour armes","breadcrumb":{"@id":"https:\/\/sport.cloud4.sbg.meosis.fr\/refonte-eurostand-lorraine\/club\/demande-dautorisation-de-renouvellement-de-detention.html#breadcrumb"},"inLanguage":"fr-FR","potentialAction":[{"@type":"ReadAction","target":["https:\/\/sport.cloud4.sbg.meosis.fr\/refonte-eurostand-lorraine\/club\/demande-dautorisation-de-renouvellement-de-detention.html"]}]},{"@type":"BreadcrumbList","@id":"https:\/\/sport.cloud4.sbg.meosis.fr\/refonte-eurostand-lorraine\/club\/demande-dautorisation-de-renouvellement-de-detention.html#breadcrumb","itemListElement":[{"@type":"ListItem","position":1,"name":"Club de Tir Eurostand","item":"https:\/\/sport.cloud4.sbg.meosis.fr\/refonte-eurostand-lorraine\/"},{"@type":"ListItem","position":2,"name":"Club","item":"https:\/\/sport.cloud4.sbg.meosis.fr\/refonte-eurostand-lorraine\/club.html"},{"@type":"ListItem","position":3,"name":"07 &#8211; Demande d&rsquo;autorisation ou de renouvellement de d\u00e9tention"}]},{"@type":"WebSite","@id":"https:\/\/sport.cloud4.sbg.meosis.fr\/refonte-eurostand-lorraine\/#website","url":"https:\/\/sport.cloud4.sbg.meosis.fr\/refonte-eurostand-lorraine\/","name":"Club de tir Eurostand","description":"Club de tir Eurostand : club de tir en Moselle","publisher":{"@id":"https:\/\/sport.cloud4.sbg.meosis.fr\/refonte-eurostand-lorraine\/#organization"},"potentialAction":[{"@type":"SearchAction","target":{"@type":"EntryPoint","urlTemplate":"https:\/\/sport.cloud4.sbg.meosis.fr\/refonte-eurostand-lorraine\/?s={search_term_string}"},"query-input":{"@type":"PropertyValueSpecification","valueRequired":true,"valueName":"search_term_string"}}],"inLanguage":"fr-FR"},{"@type":"Organization","@id":"https:\/\/sport.cloud4.sbg.meosis.fr\/refonte-eurostand-lorraine\/#organization","name":"Club de tir Eurostand","url":"https:\/\/sport.cloud4.sbg.meosis.fr\/refonte-eurostand-lorraine\/","logo":{"@type":"ImageObject","inLanguage":"fr-FR","@id":"https:\/\/sport.cloud4.sbg.meosis.fr\/refonte-eurostand-lorraine\/#\/schema\/logo\/image\/","url":"https:\/\/sport.cloud4.sbg.meosis.fr\/refonte-eurostand-lorraine\/wp-content\/uploads\/sites\/7\/2022\/12\/Logo.png","contentUrl":"https:\/\/sport.cloud4.sbg.meosis.fr\/refonte-eurostand-lorraine\/wp-content\/uploads\/sites\/7\/2022\/12\/Logo.png","width":347,"height":58,"caption":"Club de tir Eurostand"},"image":{"@id":"https:\/\/sport.cloud4.sbg.meosis.fr\/refonte-eurostand-lorraine\/#\/schema\/logo\/image\/"}}]}},"_links":{"self":[{"href":"https:\/\/sport.cloud4.sbg.meosis.fr\/refonte-eurostand-lorraine\/wp-json\/wp\/v2\/pages\/244","targetHints":{"allow":["GET"]}}],"collection":[{"href":"https:\/\/sport.cloud4.sbg.meosis.fr\/refonte-eurostand-lorraine\/wp-json\/wp\/v2\/pages"}],"about":[{"href":"https:\/\/sport.cloud4.sbg.meosis.fr\/refonte-eurostand-lorraine\/wp-json\/wp\/v2\/types\/page"}],"author":[{"embeddable":true,"href":"https:\/\/sport.cloud4.sbg.meosis.fr\/refonte-eurostand-lorraine\/wp-json\/wp\/v2\/users\/6"}],"replies":[{"embeddable":true,"href":"https:\/\/sport.cloud4.sbg.meosis.fr\/refonte-eurostand-lorraine\/wp-json\/wp\/v2\/comments?post=244"}],"version-history":[{"count":6,"href":"https:\/\/sport.cloud4.sbg.meosis.fr\/refonte-eurostand-lorraine\/wp-json\/wp\/v2\/pages\/244\/revisions"}],"predecessor-version":[{"id":19497,"href":"https:\/\/sport.cloud4.sbg.meosis.fr\/refonte-eurostand-lorraine\/wp-json\/wp\/v2\/pages\/244\/revisions\/19497"}],"up":[{"embeddable":true,"href":"https:\/\/sport.cloud4.sbg.meosis.fr\/refonte-eurostand-lorraine\/wp-json\/wp\/v2\/pages\/158"}],"wp:attachment":[{"href":"https:\/\/sport.cloud4.sbg.meosis.fr\/refonte-eurostand-lorraine\/wp-json\/wp\/v2\/media?parent=244"}],"curies":[{"name":"wp","href":"https:\/\/api.w.org\/{rel}","templated":true}]}}