{"id":633,"date":"2023-02-01T06:45:14","date_gmt":"2023-02-01T05:45:14","guid":{"rendered":"https:\/\/sport.cloud4.sbg.meosis.fr\/eurostand-lorraine\/?page_id=633"},"modified":"2025-07-13T17:33:41","modified_gmt":"2025-07-13T15:33:41","slug":"tarifs-2019-2020","status":"publish","type":"page","link":"https:\/\/sport.cloud4.sbg.meosis.fr\/refonte-eurostand-lorraine\/club\/tarifs-2019-2020.html","title":{"rendered":"04 &#8211; Tarifs 2025-2026"},"content":{"rendered":"<p><span style=\"font-family: 'arial black', sans-serif;font-size: 14pt\">Nos tarifs pour la saison 2025-2026<\/span><\/p>\n<p>&nbsp;<\/p>\n<table style=\"width: 68.8397%\" border=\"bleu\" width=\"68.8397%\">\n<tbody>\n<tr>\n<td style=\"width: 83.4375%;text-align: center\" width=\"481\"><strong>Inscription pour la saison 2024 \/ 2025 <\/strong><\/td>\n<td style=\"width: 63.5938%;text-align: center\" width=\"80\">Tarif<\/td>\n<\/tr>\n<tr>\n<td style=\"width: 83.4375%\" width=\"481\"><strong>Licence Jeune (- 18 ans en 2024)\u00a0 <\/strong><\/td>\n<td style=\"width: 63.5938%;text-align: right\" width=\"80\"><strong>110.00 \u20ac<\/strong><\/td>\n<\/tr>\n<tr>\n<td style=\"width: 83.4375%\" width=\"481\">Licence Jeune (-de 21 ans en 2025) Acc\u00e8s Permanent\u00a0 )<\/td>\n<td style=\"width: 63.5938%;text-align: right\" width=\"80\">150.00 \u20ac<\/td>\n<\/tr>\n<tr>\n<td style=\"width: 83.4375%\" width=\"481\"><strong>Licence Adulte + Acc\u00e8s permanent<\/strong><\/td>\n<td style=\"width: 63.5938%;text-align: right\" width=\"80\"><strong>290,00 \u20ac<\/strong><\/td>\n<\/tr>\n<tr>\n<td style=\"width: 83.4375%\" width=\"481\">Licence Adulte 2\u00e8me personne \u00e0 la m\u00eame adresse\u00a0 \u00a0+\u00a0 Acc\u00e8s permanent<\/td>\n<td style=\"width: 63.5938%;text-align: right\" width=\"80\">270,00 \u20ac<\/td>\n<\/tr>\n<tr>\n<td style=\"width: 83.4375%\" width=\"481\"><strong>Badge d&rsquo;Acc\u00e8s permanent Adulte\u00a0 (Licence ext\u00e9rieure obligatoire)\u00a0<\/strong><\/td>\n<td style=\"width: 63.5938%;text-align: right\" width=\"80\"><strong>200,00 \u20ac<\/strong><\/td>\n<\/tr>\n<tr>\n<td style=\"width: 83.4375%\" width=\"481\">Badge d&rsquo;Acc\u00e8s permanent 2\u00e8me Adulte\u00a0 (Licence ext\u00e9rieure obligatoire)<\/td>\n<td style=\"width: 63.5938%;text-align: right\" width=\"80\">180,00 \u20ac<\/td>\n<\/tr>\n<tr>\n<td style=\"width: 83.4375%\" width=\"481\"><strong>Droit d\u2019entr\u00e9e \u00e0 l\u2019EUROSTAND (Licence ou badge) TOUT tireur majeur (par famille)<br \/>\n(pour tout nouveau tireur ou une absence de deux saisons)<\/strong><\/td>\n<td style=\"width: 63.5938%;text-align: right\" width=\"80\"><strong>160,00 \u20ac<\/strong><\/td>\n<\/tr>\n<tr>\n<td style=\"width: 83.4375%\" width=\"481\"><strong>Carte d\u2019acc\u00e8s Electronique\u00a0\u00a0 (OBLIGATOIRE) pour Adulte majeur<\/strong><\/td>\n<td style=\"width: 63.5938%;text-align: right\" width=\"80\"><strong>30.00 \u20ac<\/strong><\/td>\n<\/tr>\n<tr>\n<td style=\"width: 83.4375%\" width=\"481\">Carte d\u2019acc\u00e8s Electronique\u00a0\u00a0 (OBLIGATOIRE) pour Jeunes \u2013 18 ans<\/td>\n<td style=\"width: 63.5938%;text-align: right\" width=\"80\">15.00 \u20ac<\/td>\n<\/tr>\n<\/tbody>\n<\/table>\n<p>&nbsp;<\/p>\n<p>&nbsp;<\/p>\n","protected":false},"excerpt":{"rendered":"<p>Nos tarifs pour la saison 2025-2026 &nbsp; Inscription pour la saison 2024 \/ 2025 Tarif Licence Jeune (- 18 ans en 2024)\u00a0 110.00 \u20ac Licence Jeune (-de 21 ans en 2025) Acc\u00e8s Permanent\u00a0 ) 150.00 \u20ac Licence Adulte + Acc\u00e8s permanent 290,00 \u20ac Licence Adulte 2\u00e8me personne \u00e0 la m\u00eame adresse\u00a0 \u00a0+\u00a0 Acc\u00e8s permanent 270,00 [&hellip;]<\/p>\n","protected":false},"author":6,"featured_media":0,"parent":158,"menu_order":0,"comment_status":"closed","ping_status":"closed","template":"","meta":{"_acf_changed":false,"_yoast_wpseo_title":"","_yoast_wpseo_metadesc":"","footnotes":""},"class_list":["post-633","page","type-page","status-publish","hentry"],"acf":[],"yoast_head":"<!-- This site is optimized with the Yoast SEO plugin v27.3 - https:\/\/yoast.com\/product\/yoast-seo-wordpress\/ -->\n<title>04 - Tarifs 2025-2026 \u203a Club de Tir Eurostand<\/title>\n<meta name=\"description\" content=\"Nos tarifs pour la saison 2025-2026 &nbsp; Inscription pour la saison 2024 \/ 2025 Tarif Licence Jeune (- 18 ans en 2024)\u00a0 110.00 \u20ac Licence Jeune (-de 21\" \/>\n<meta name=\"robots\" content=\"index, follow, max-snippet:-1, max-image-preview:large, max-video-preview:-1\" \/>\n<link rel=\"canonical\" href=\"https:\/\/sport.cloud4.sbg.meosis.fr\/refonte-eurostand-lorraine\/club\/tarifs-2019-2020.html\" \/>\n<meta property=\"og:locale\" content=\"fr_FR\" \/>\n<meta property=\"og:type\" content=\"article\" \/>\n<meta property=\"og:title\" content=\"04 - Tarifs 2025-2026 \u203a Club de Tir Eurostand\" \/>\n<meta property=\"og:description\" content=\"Nos tarifs pour la saison 2025-2026 &nbsp; Inscription pour la saison 2024 \/ 2025 Tarif Licence Jeune (- 18 ans en 2024)\u00a0 110.00 \u20ac Licence Jeune (-de 21\" \/>\n<meta property=\"og:url\" content=\"https:\/\/sport.cloud4.sbg.meosis.fr\/refonte-eurostand-lorraine\/club\/tarifs-2019-2020.html\" \/>\n<meta property=\"og:site_name\" content=\"Club de tir Eurostand\" \/>\n<meta property=\"article:modified_time\" content=\"2025-07-13T15:33:41+00:00\" \/>\n<meta name=\"twitter:card\" content=\"summary_large_image\" \/>\n<meta name=\"twitter:label1\" content=\"Dur\u00e9e de lecture estim\u00e9e\" \/>\n\t<meta name=\"twitter:data1\" content=\"1 minute\" \/>\n<script type=\"application\/ld+json\" class=\"yoast-schema-graph\">{\"@context\":\"https:\\\/\\\/schema.org\",\"@graph\":[{\"@type\":\"WebPage\",\"@id\":\"https:\\\/\\\/sport.cloud4.sbg.meosis.fr\\\/refonte-eurostand-lorraine\\\/club\\\/tarifs-2019-2020.html\",\"url\":\"https:\\\/\\\/sport.cloud4.sbg.meosis.fr\\\/refonte-eurostand-lorraine\\\/club\\\/tarifs-2019-2020.html\",\"name\":\"04 - Tarifs 2025-2026 \u203a Club de Tir Eurostand\",\"isPartOf\":{\"@id\":\"https:\\\/\\\/sport.cloud4.sbg.meosis.fr\\\/refonte-eurostand-lorraine\\\/#website\"},\"datePublished\":\"2023-02-01T05:45:14+00:00\",\"dateModified\":\"2025-07-13T15:33:41+00:00\",\"description\":\"Nos tarifs pour la saison 2025-2026 &nbsp; Inscription pour la saison 2024 \\\/ 2025 Tarif Licence Jeune (- 18 ans en 2024)\u00a0 110.00 \u20ac Licence Jeune (-de 21\",\"breadcrumb\":{\"@id\":\"https:\\\/\\\/sport.cloud4.sbg.meosis.fr\\\/refonte-eurostand-lorraine\\\/club\\\/tarifs-2019-2020.html#breadcrumb\"},\"inLanguage\":\"fr-FR\",\"potentialAction\":[{\"@type\":\"ReadAction\",\"target\":[\"https:\\\/\\\/sport.cloud4.sbg.meosis.fr\\\/refonte-eurostand-lorraine\\\/club\\\/tarifs-2019-2020.html\"]}]},{\"@type\":\"BreadcrumbList\",\"@id\":\"https:\\\/\\\/sport.cloud4.sbg.meosis.fr\\\/refonte-eurostand-lorraine\\\/club\\\/tarifs-2019-2020.html#breadcrumb\",\"itemListElement\":[{\"@type\":\"ListItem\",\"position\":1,\"name\":\"Club de Tir Eurostand\",\"item\":\"https:\\\/\\\/sport.cloud4.sbg.meosis.fr\\\/refonte-eurostand-lorraine\\\/\"},{\"@type\":\"ListItem\",\"position\":2,\"name\":\"Club\",\"item\":\"https:\\\/\\\/sport.cloud4.sbg.meosis.fr\\\/refonte-eurostand-lorraine\\\/club.html\"},{\"@type\":\"ListItem\",\"position\":3,\"name\":\"04 &#8211; Tarifs 2025-2026\"}]},{\"@type\":\"WebSite\",\"@id\":\"https:\\\/\\\/sport.cloud4.sbg.meosis.fr\\\/refonte-eurostand-lorraine\\\/#website\",\"url\":\"https:\\\/\\\/sport.cloud4.sbg.meosis.fr\\\/refonte-eurostand-lorraine\\\/\",\"name\":\"Club de tir Eurostand\",\"description\":\"Club de tir Eurostand : club de tir en Moselle\",\"publisher\":{\"@id\":\"https:\\\/\\\/sport.cloud4.sbg.meosis.fr\\\/refonte-eurostand-lorraine\\\/#organization\"},\"potentialAction\":[{\"@type\":\"SearchAction\",\"target\":{\"@type\":\"EntryPoint\",\"urlTemplate\":\"https:\\\/\\\/sport.cloud4.sbg.meosis.fr\\\/refonte-eurostand-lorraine\\\/?s={search_term_string}\"},\"query-input\":{\"@type\":\"PropertyValueSpecification\",\"valueRequired\":true,\"valueName\":\"search_term_string\"}}],\"inLanguage\":\"fr-FR\"},{\"@type\":\"Organization\",\"@id\":\"https:\\\/\\\/sport.cloud4.sbg.meosis.fr\\\/refonte-eurostand-lorraine\\\/#organization\",\"name\":\"Club de tir Eurostand\",\"url\":\"https:\\\/\\\/sport.cloud4.sbg.meosis.fr\\\/refonte-eurostand-lorraine\\\/\",\"logo\":{\"@type\":\"ImageObject\",\"inLanguage\":\"fr-FR\",\"@id\":\"https:\\\/\\\/sport.cloud4.sbg.meosis.fr\\\/refonte-eurostand-lorraine\\\/#\\\/schema\\\/logo\\\/image\\\/\",\"url\":\"https:\\\/\\\/sport.cloud4.sbg.meosis.fr\\\/refonte-eurostand-lorraine\\\/wp-content\\\/uploads\\\/sites\\\/7\\\/2022\\\/12\\\/Logo.png\",\"contentUrl\":\"https:\\\/\\\/sport.cloud4.sbg.meosis.fr\\\/refonte-eurostand-lorraine\\\/wp-content\\\/uploads\\\/sites\\\/7\\\/2022\\\/12\\\/Logo.png\",\"width\":347,\"height\":58,\"caption\":\"Club de tir Eurostand\"},\"image\":{\"@id\":\"https:\\\/\\\/sport.cloud4.sbg.meosis.fr\\\/refonte-eurostand-lorraine\\\/#\\\/schema\\\/logo\\\/image\\\/\"}}]}<\/script>\n<!-- \/ Yoast SEO plugin. -->","yoast_head_json":{"title":"04 - Tarifs 2025-2026 \u203a Club de Tir Eurostand","description":"Nos tarifs pour la saison 2025-2026 &nbsp; Inscription pour la saison 2024 \/ 2025 Tarif Licence Jeune (- 18 ans en 2024)\u00a0 110.00 \u20ac Licence Jeune (-de 21","robots":{"index":"index","follow":"follow","max-snippet":"max-snippet:-1","max-image-preview":"max-image-preview:large","max-video-preview":"max-video-preview:-1"},"canonical":"https:\/\/sport.cloud4.sbg.meosis.fr\/refonte-eurostand-lorraine\/club\/tarifs-2019-2020.html","og_locale":"fr_FR","og_type":"article","og_title":"04 - Tarifs 2025-2026 \u203a Club de Tir Eurostand","og_description":"Nos tarifs pour la saison 2025-2026 &nbsp; Inscription pour la saison 2024 \/ 2025 Tarif Licence Jeune (- 18 ans en 2024)\u00a0 110.00 \u20ac Licence Jeune (-de 21","og_url":"https:\/\/sport.cloud4.sbg.meosis.fr\/refonte-eurostand-lorraine\/club\/tarifs-2019-2020.html","og_site_name":"Club de tir Eurostand","article_modified_time":"2025-07-13T15:33:41+00:00","twitter_card":"summary_large_image","twitter_misc":{"Dur\u00e9e de lecture estim\u00e9e":"1 minute"},"schema":{"@context":"https:\/\/schema.org","@graph":[{"@type":"WebPage","@id":"https:\/\/sport.cloud4.sbg.meosis.fr\/refonte-eurostand-lorraine\/club\/tarifs-2019-2020.html","url":"https:\/\/sport.cloud4.sbg.meosis.fr\/refonte-eurostand-lorraine\/club\/tarifs-2019-2020.html","name":"04 - Tarifs 2025-2026 \u203a Club de Tir Eurostand","isPartOf":{"@id":"https:\/\/sport.cloud4.sbg.meosis.fr\/refonte-eurostand-lorraine\/#website"},"datePublished":"2023-02-01T05:45:14+00:00","dateModified":"2025-07-13T15:33:41+00:00","description":"Nos tarifs pour la saison 2025-2026 &nbsp; Inscription pour la saison 2024 \/ 2025 Tarif Licence Jeune (- 18 ans en 2024)\u00a0 110.00 \u20ac Licence Jeune (-de 21","breadcrumb":{"@id":"https:\/\/sport.cloud4.sbg.meosis.fr\/refonte-eurostand-lorraine\/club\/tarifs-2019-2020.html#breadcrumb"},"inLanguage":"fr-FR","potentialAction":[{"@type":"ReadAction","target":["https:\/\/sport.cloud4.sbg.meosis.fr\/refonte-eurostand-lorraine\/club\/tarifs-2019-2020.html"]}]},{"@type":"BreadcrumbList","@id":"https:\/\/sport.cloud4.sbg.meosis.fr\/refonte-eurostand-lorraine\/club\/tarifs-2019-2020.html#breadcrumb","itemListElement":[{"@type":"ListItem","position":1,"name":"Club de Tir Eurostand","item":"https:\/\/sport.cloud4.sbg.meosis.fr\/refonte-eurostand-lorraine\/"},{"@type":"ListItem","position":2,"name":"Club","item":"https:\/\/sport.cloud4.sbg.meosis.fr\/refonte-eurostand-lorraine\/club.html"},{"@type":"ListItem","position":3,"name":"04 &#8211; Tarifs 2025-2026"}]},{"@type":"WebSite","@id":"https:\/\/sport.cloud4.sbg.meosis.fr\/refonte-eurostand-lorraine\/#website","url":"https:\/\/sport.cloud4.sbg.meosis.fr\/refonte-eurostand-lorraine\/","name":"Club de tir Eurostand","description":"Club de tir Eurostand : club de tir en Moselle","publisher":{"@id":"https:\/\/sport.cloud4.sbg.meosis.fr\/refonte-eurostand-lorraine\/#organization"},"potentialAction":[{"@type":"SearchAction","target":{"@type":"EntryPoint","urlTemplate":"https:\/\/sport.cloud4.sbg.meosis.fr\/refonte-eurostand-lorraine\/?s={search_term_string}"},"query-input":{"@type":"PropertyValueSpecification","valueRequired":true,"valueName":"search_term_string"}}],"inLanguage":"fr-FR"},{"@type":"Organization","@id":"https:\/\/sport.cloud4.sbg.meosis.fr\/refonte-eurostand-lorraine\/#organization","name":"Club de tir Eurostand","url":"https:\/\/sport.cloud4.sbg.meosis.fr\/refonte-eurostand-lorraine\/","logo":{"@type":"ImageObject","inLanguage":"fr-FR","@id":"https:\/\/sport.cloud4.sbg.meosis.fr\/refonte-eurostand-lorraine\/#\/schema\/logo\/image\/","url":"https:\/\/sport.cloud4.sbg.meosis.fr\/refonte-eurostand-lorraine\/wp-content\/uploads\/sites\/7\/2022\/12\/Logo.png","contentUrl":"https:\/\/sport.cloud4.sbg.meosis.fr\/refonte-eurostand-lorraine\/wp-content\/uploads\/sites\/7\/2022\/12\/Logo.png","width":347,"height":58,"caption":"Club de tir Eurostand"},"image":{"@id":"https:\/\/sport.cloud4.sbg.meosis.fr\/refonte-eurostand-lorraine\/#\/schema\/logo\/image\/"}}]}},"_links":{"self":[{"href":"https:\/\/sport.cloud4.sbg.meosis.fr\/refonte-eurostand-lorraine\/wp-json\/wp\/v2\/pages\/633","targetHints":{"allow":["GET"]}}],"collection":[{"href":"https:\/\/sport.cloud4.sbg.meosis.fr\/refonte-eurostand-lorraine\/wp-json\/wp\/v2\/pages"}],"about":[{"href":"https:\/\/sport.cloud4.sbg.meosis.fr\/refonte-eurostand-lorraine\/wp-json\/wp\/v2\/types\/page"}],"author":[{"embeddable":true,"href":"https:\/\/sport.cloud4.sbg.meosis.fr\/refonte-eurostand-lorraine\/wp-json\/wp\/v2\/users\/6"}],"replies":[{"embeddable":true,"href":"https:\/\/sport.cloud4.sbg.meosis.fr\/refonte-eurostand-lorraine\/wp-json\/wp\/v2\/comments?post=633"}],"version-history":[{"count":10,"href":"https:\/\/sport.cloud4.sbg.meosis.fr\/refonte-eurostand-lorraine\/wp-json\/wp\/v2\/pages\/633\/revisions"}],"predecessor-version":[{"id":24679,"href":"https:\/\/sport.cloud4.sbg.meosis.fr\/refonte-eurostand-lorraine\/wp-json\/wp\/v2\/pages\/633\/revisions\/24679"}],"up":[{"embeddable":true,"href":"https:\/\/sport.cloud4.sbg.meosis.fr\/refonte-eurostand-lorraine\/wp-json\/wp\/v2\/pages\/158"}],"wp:attachment":[{"href":"https:\/\/sport.cloud4.sbg.meosis.fr\/refonte-eurostand-lorraine\/wp-json\/wp\/v2\/media?parent=633"}],"curies":[{"name":"wp","href":"https:\/\/api.w.org\/{rel}","templated":true}]}}